{"version":"1.0","type":"rich","width":"560px","height":"140px","title":"Villany\u00f3ra #194 - A villanyaut\u00f3 nem a probl\u00e9ma, hanem a megold\u00e1s - A napelemes szab\u00e1lyoz\u00e1son megint csavartak egyet, de egyel\u0151re csak a hangulatkelt\u00e9s megy. Ek\u00f6zben az EU \u00f3ri\u00e1si \u00f6sszeggel t\u00e1mogatja a Tesla Supercharger h\u00e1l\u00f3zat b\u0151v\u00edt\u00e9s\u00e9t, \u00e9s j\u00f6v\u0151re j\u00f6het a villanyaut\u00f3 \u00e1llami t\u00e1mogat\u00e1sok \u00fajabb k\u00f6re Magyarorsz\u00e1gon is.","url":"https:\/\/villanyautosok.hu\/2023\/09\/16\/villanyora-194-a-villanyauto-nem-a-problema-hanem-a-megoldas\/","author_name":"Villany\u00f3ra - A Villanyaut\u00f3sok.hu heti podcastja","author_url":"https:\/\/villanyautosok.hu","thumbnail_url":"https:\/\/villanyautosok.hu\/wp-content\/uploads\/2023\/09\/villanyora-2023-09-15-e194.jpg","html":"<iframe width=\"560px\" height=\"140px\" src=\"https:\/\/villanyautosok.hu\/2023\/09\/16\/villanyora-194-a-villanyauto-nem-a-problema-hanem-a-megoldas\/?standalonePlayer\"><\/iframe>"}

Villanyóra #194 - A villanyautó nem a probléma, hanem a megoldás - A napelemes szabályozáson megint csavartak egyet, de egyelőre csak a hangulatkeltés megy. Eközben az EU óriási összeggel támogatja a Tesla Supercharger hálózat bővítését, és jövőre jöhet a villanyautó állami támogatások újabb köre Magyarországon is.

Villanyóra - A Villanyautósok.hu heti podcastja
