{"version":"1.0","type":"rich","width":"560px","height":"140px","title":"Villany\u00f3ra #297 - Ezek lesznek a Volkswagen olcs\u00f3 villanyaut\u00f3i","url":"https:\/\/villanyautosok.hu\/2025\/09\/13\/villanyora-297-ezek-lesznek-a-volkswagen-olcso-villanyautoi\/","author_name":"Villany\u00f3ra - A Villanyaut\u00f3sok.hu heti podcastja","author_url":"https:\/\/villanyautosok.hu","thumbnail_url":"https:\/\/villanyautosok.hu\/wp-content\/uploads\/podcast\/villanyora-pod-297.jpg","html":"<iframe width=\"560px\" height=\"140px\" src=\"https:\/\/villanyautosok.hu\/2025\/09\/13\/villanyora-297-ezek-lesznek-a-volkswagen-olcso-villanyautoi\/?standalonePlayer\"><\/iframe>"}

Villanyóra #297 - Ezek lesznek a Volkswagen olcsó villanyautói

Villanyóra - A Villanyautósok.hu heti podcastja
